 4*a - 2*s. Let v = -29 + a. Suppose 52*l - 212 = v*l. What is the units digit of l?
3
Let g = 46931 - 20849. What is the thousands digit of g?
6
Suppose -16*x + 60*x - 141020 = 0. Suppose 0 = -3*v + x + 2024. What is the tens digit of v?
4
Suppose -11*d + 14*d - 82598 = -v, v + 110119 = 4*d. What is the units digit of d?
1
Suppose -47*j - 2*j = 521857 - 2214170. What is the tens digit of j?
3
Suppose -4*m - n + 11 = -2*n, 3*m - 21 = 5*n. Suppose -29*h + 53 = -179. Suppose -m*x + 324 = h. What is the tens digit of x?
5
Suppose 7502 = 2*s + 3*m, -3*s + m - 4165 = -15396. What is the units digit of s?
5
What is the hundreds digit of -22 + (16 - -4) - -18722?
7
Suppose 4*z - 3*b = -b + 42, -b + 1 = 0. Let n(j) = -58. Let w(r) = r - 109. Let c(a) = -11*n(a) + 6*w(a). What is the tens digit of c(z)?
5
Suppose -5*f - 4*h + 7*h = 219, -141 = 3*f + 3*h. What is the units digit of f*3*(-8)/72?
5
Suppose 54254 - 71372 - 2420338 = -98*c. What is the units digit of c?
2
Let a(q) = 29*q + 54. Let h be a(24). Let i = h + -213. Suppose 3*l = -81 + i. What is the hundreds digit of l?
1
Suppose 5*i = -5*h + 165, -53 = h - 2*h + 4*i. Let w be h/7 + (-20)/70. Suppose -5*m = w*v - 1145, -5*m + v = -666 - 467. What is the tens digit of m?
2
Let v(d) = -d**3 + 123*d**2 + 46*d + 3121. What is the tens digit of v(118)?
6
Let x(i) be the second derivative of -61*i**3/2 - 26*i**2 - 30*i - 3. What is the hundreds digit of x(-3)?
4
Suppose -5*h - 1414 = -f, 0 = 2*f - 6*f - 3*h + 5748. Suppose -f = -11*x + 777. What is the hundreds digit of x?
2
Suppose 4*s + 4 = 2*z, -5*s + 10 = -6*s + 5*z. Suppose 4*a - 3713 + 841 = 4*c, 4*a - 2*c - 2882 = s. What is the tens digit of a?
2
Let q be -2*(-6 + 25/4)*3938. Let b = -53 - q. What is the hundreds digit of b?
9
Suppose 0 = i + s - 6*s + 14, 0 = 3*i + 4*s + 23. Let b = i - -5. What is the units digit of (b/6)/(-4 + 1725/432)?
6
Suppose q + 129 = 2*q. Suppose 137 = 2*i - q. Suppose -6*m + i + 461 = 0. What is the tens digit of m?
9
Suppose -9*l + 678 = 5124. Let t = l + 839. What is the tens digit of t?
4
Suppose 759 - 99 = 15*k. What is the tens digit of ((-187)/k)/(2 + (-153)/76)?
2
Suppose -j + 55 = 3*o, o + 4*j - 40 = -o. What is the tens digit of 6/(o/(-90)*(-10)/4)?
1
Let u = 50036 - 33389. What is the units digit of 8/(312/u) - (-4)/26?
7
Suppose 4*d - 141972 = 84*l - 80*l, -l = 4*d - 142002. What is the ten thousands digit of d?
3
Let m(q) = 3*q**3 + 4*q**2 - 53*q + 110. What is the units digit of m(13)?
8
Let a(s) = s**2 + 25*s - 214. Let b be a(-30). Suppose -66 = -3*v + 342. Let z = b + v. What is the units digit of z?
2
Suppose 0 = 7*c + 1590 + 342. Let r = c - -533. What is the units digit of r?
7
Let z be 4/6*660/88. Suppose -3*d - z*c + 713 = 0, d - 147 - 114 = 3*c. What is the hundreds digit of d?
2
Let j be ((-10)/25)/(2/(-1110)). Suppose -4*a - 6 - j = 0. Let z = a + 95. What is the tens digit of z?
3
Suppose 4*k = -m - 2 - 14, 0 = -2*m + 4*k + 4. What is the thousands digit of 4 - (-1210 + (-24)/m)?
1
Suppose -2*b + 2600 = x + 426, 2*b - 2178 = -3*x. Let c = -66 + 68. Suppose u - c*z = -3*u + b, 0 = -2*z - 6. What is the units digit of u?
0
Let v(m) = 3128*m**3 - 15*m**2 + 9*m - 16. What is the thousands digit of v(2)?
4
Suppose -4*w - 1228 = 4*z, 12*z = 8*z + 5*w - 1246. What is the units digit of (5 + -9 - -3)*z?
9
Let b = -21665 - -44824. What is the tens digit of b?
5
Suppose 20*g = 64*g + 396. What is the tens digit of (11 + g)*(41 - 2/(-2))?
8
Suppose 2*g - 5*w = 18, -4*g = -g + 2*w - 27. Suppose -g = -5*j + 11. Suppose -115 = -h - p, -j = 4*p - 0*p. What is the units digit of h?
6
Let v(l) = 4*l + 12. Let n be v(-2). Suppose 0 = -n*h + 16. Suppose g - h*p = p + 53, -4*g + 5*p = -182. What is the tens digit of g?
4
Let d = -87 - -97. Suppose 11*a = d*a - 380. Let y = a - -556. What is the tens digit of y?
7
What is the tens digit of 442684/24 + (-8)/(-96)*-2?
4
Let p be 2/8 + 1714/(-8). Let o = p + 552. What is the tens digit of o?
3
Let y(g) = 64*g**3 - 4*g**2 + 10*g - 7. What is the units digit of y(5)?
3
Let j be 146*(-324)/(-84)*21/(-6). Let m = 3451 + j. What is the tens digit of m?
8
Let n = 40856 - 38654. What is the units digit of n?
2
Let k(m) = m**3 - 7*m**2 - 18*m + 14. Let x be k(7). Let s = x + 116. Suppose -4*y = -8, 4*t - s*y = -y + 1046. What is the hundreds digit of t?
2
Let l be (113 + (-72)/(-8))*7/(-2). Let r = l + 1050. What is the units digit of r?
3
Let b be (-1)/30*-5 - 235/(-30). What is the units digit of b/7*(2 - (-31)/2)?
0
Suppose -32 = -2*x + 348. Let p be (48/2)/(-1*15/x). Let k = -125 - p. What is the hundreds digit of k?
1
Suppose 14 = 2*j - 4*x, 2*j = -2*x - 3*x - 4. Suppose -6*c = -2*c + 3*t - 1707, -j*c - 3*t = -1281. What is the hundreds digit of c?
4
Let z(c) = 2*c - 18. Let n be z(7). Let v(f) = -15*f - 47. Let m be v(n). Let i(g) = -g**3 + 11*g**2 + 32*g - 12. What is the units digit of i(m)?
6
Let x(r) be the first derivative of -185*r**2/2 - 41*r - 61. What is the hundreds digit of x(-4)?
6
Suppose -15*x + 12 = -19*x, -3*x + 1519 = 4*y. What is the tens digit of y?
8
Let i(w) = 13*w - 1 + 22*w + 0 - 36*w - w**2. Let c(x) = -x**2 + 2*x - 11. Let o(n) = c(n) - 2*i(n). What is the tens digit of o(7)?
6
Let i(w) = 33*w - 108. Let a(h) = -8*h + 26. Let q(g) = 21*a(g) + 5*i(g). What is the tens digit of q(-25)?
8
Suppose 3*g - 7*g - 5*m - 1637 = 0, -3*g - m - 1214 = 0. Let c = g - -1143. What is the units digit of c?
0
Let q(g) = 14*g**2 - 44*g - 120. What is the units digit of q(21)?
0
Let g = -22 + 19. Let i be 5690/75 + g + 94/30. Suppose 5*x - 3*x - i = 0. What is the units digit of x?
8
Suppose -i + 3*y = 4*y - 782, 3132 = 4*i + 2*y. Suppose i = 5*v + q, 3*q = v + 44 - 204. What is the units digit of v?
7
Suppose -2*u + 15 = u. Suppose 4*k - n - 3*n = 3488, -u*n + 3452 = 4*k. What is the hundreds digit of k?
8
Suppose -4*a - 2070 = -7*a. Let x = a - 184. What is the units digit of x?
6
Let z = 8961 + -7933. What is the units digit of z?
8
Let p be ((-1)/4)/((-38)/(-152)). Let w(m) = -m - 1. Let r(t) = 90*t + 8. Let h(d) = -r(d) - 6*w(d). What is the tens digit of h(p)?
8
Suppose -5*r - 3622 = -2*s, -3*s + r - 3610 = -5*s. Suppose -3*l + s = -3*x, 1 = -3*x - 2. What is the hundreds digit of l?
6
Suppose n - 4*h - 33679 = -426, n = -5*h + 33253. What is the thousands digit of n?
3
Suppose 16*i + 16 = 12*i. Let w be (2 - 5)*i*1/2. Suppose -2*m = -u + 118, w*m = 3*u + m - 351. What is the units digit of u?
2
Let g(p) = -415*p - 38. Let c(o) = -415*o - 37. Let f(k) = -2*c(k) + 3*g(k). What is the units digit of f(-2)?
0
Suppose -5*x = 3*y + 248, -5*y + 75 = -4*x - 153. Let l = -49 - x. What is the tens digit of (1 + 32)/(l/3)?
3
Let g = 23623 - 7783. What is the hundreds digit of g?
8
Let j(z) = 21*z**2 + 8*z - 15. Suppose 6 = 3*x - 6. Let b be j(x). Suppose 10*c - 907 = b. What is the hundreds digit of c?
1
Suppose 2*i + 0*i = 2*a + 44, 2*a - 10 = -i. Suppose 0 = f + 5*g - 406, i*g + 2030 = 5*f + 16*g. What is the tens digit of f?
0
Let i = 733 + -729. Suppose i*h + 363 - 639 = 0. What is the units digit of h?
9
Let v be -6*3*(-4)/24 + 72. Let j = v - -215. What is the units digit of j?
0
Let z = -132 - -527. Suppose z = 9*b - 6814. What is the tens digit of b?
0
Suppose -2*g + 13014 = 4*l - 2900, -4*l = -2*g + 15866. What is the tens digit of g?
4
Suppose 2*n = 3*y + 468, y + 4 = -y. Suppose 3*u - 3*z = 699, -3*u + 500 + n = 5*z. Suppose 4*k - u = k. What is the tens digit of k?
7
Let k(b) = -134*b - 95. Let u(s) = 10323*s + 7316. Let p(g) = -155*k(g) - 2*u(g). What is the tens digit of p(6)?
3
Let i(u) = -133*u**2 - 3*u + 4. Let c(l) = 2*l**2 - 3*l - 12. Let t be c(-2). Let h be i(t). What is the hundreds digit of h/(-9)*((-6)/(-2) + 0)?
1
Suppose 2*r = -r - 9, 3*z + 6 = 2*r. Let w(j) = -49*j - 10. Let l be w(z). Let x = -127 + l. What is the units digit of x?
9
Let o(v) = -214*v**2 + 12*v - 14. Let u(k) = -107*k**2 + 5*k - 6. Let h(m) = 2*o(m) - 5*u(m). Let r be -1 + (12/3)/2. What is the hundreds digit of h(r)?
1
Suppose -15*f = 7699 + 1136. Let s = f + 1162. What is the tens digit of s?
7
Suppose -104 + 98 = -2*q. Suppose 132 = q*u + 18. What is the units digit of u?
8
Suppose -130*o - 293819 = -5*j - 134*o, -4*o - 36 = 0. What is the hundreds digit of j?
7
L